5*g - 3. Determine d(5).
-78
Let k(h) = 6*h - 3. Determine k(3).
15
Let d(t) = -t + 6. Give d(6).
0
Let j(i) = -i**3 + 22*i**2 + 2*i + 20. Determine j(22).
64
Let q(i) = -i + 10. Give q(-5).
15
Let g(m) = m**2 + 3*m + 3. Determine g(-1).
1
Let o(g) = g**2 - 37*g + 65. Calculate o(34).
-37
Let f(t) = -4*t**2 - 1. Calculate f(-1).
-5
Let i(g) = 5*g - 14. Determine i(16).
66
Let m(r) = 17*r + 55. Determine m(-15).
-200
Let y(g) = -g**3 - 11*g**2 - 18*g + 7. Calculate y(-9).
7
Let j(n) = -2*n**3 + 65*n**2 + 31*n + 50. Determine j(33).
-16
Let l(r) = r**2 + 3*r + 2. Give l(-3).
2
Let p(i) = 33*i - 201. What is p(6)?
-3
Let q(n) = -20*n + 4. Give q(3).
-56
Let k(v) = -v**3 + 7*v**2 + v - 6. What is k(7)?
1
Let w(m) = -2*m + 21. Calculate w(13).
-5
Let r(h) = 2*h**2 + 78*h - 151. Give r(-41).
13
Let f(q) = q**3 - 4*q**2 - 6*q - 4. Give f(6).
32
Let j(d) = 13*d**3 + d**2. What is j(1)?
14
Let x(m) = -10*m - 119. Give x(-10).
-19
Let v(i) = -i**2 + 18*i + 164. Give v(25).
-11
Let h(a) = -6*a - 48. Calculate h(-6).
-12
Let s(r) = 4*r**2 + 21*r + 61. Calculate s(-4).
41
Let x(l) = 2*l**3 - 6*l**2 - 3*l + 14. Give x(5).
99
Let c(j) = -9*j + 23. What is c(3)?
-4
Let f(j) = -2*j**2 + 21*j + 28. Determine f(12).
-8
Let j(q) = -50*q - 38. Calculate j(-1).
12
Let w(s) = s**3 - 7*s**2 - 3*s + 17. Calculate w(6).
-37
Let s(l) = -2*l + 7. Give s(8).
-9
Let b(o) = -10*o**3 + 6*o**2 - 1. Determine b(1).
-5
Let d(r) = 3*r**2 - 26*r + 42. Give d(6).
-6
Let c(b) = 3*b**3 - 15*b**2 + 12*b - 5. Give c(4).
-5
Let i(f) = -f**3 + 11*f**2 - 17*f - 5. Determine i(9).
4
Let m(a) = 27*a - 1. Give m(1).
26
Let n(k) = -k**3 - 7*k**2 - 3*k + 10. Give n(-5).
-25
Let f(a) = -a**2 + 12*a - 16. Determine f(9).
11
Let q(n) = n**2 + 8*n + 6. Give q(-6).
-6
Let q(f) = -f**3 + 11*f**2 - 6*f + 4. What is q(10)?
44
Let q(c) = -4*c**2 + 5*c - 3. Give q(3).
-24
Let r(o) = o**3 + 10*o**2 - 10*o + 3. Give r(-11).
-8
Let f(z) = -5*z**2 + 16*z - 5. Give f(1).
6
Let z(x) = x**3 - 2*x + 5. Calculate z(3).
26
Let b(s) = -6*s - 10. What is b(3)?
-28
Let l(q) = -q**2 - 27*q - 173. Determine l(-16).
3
Let k(a) = -a**3 - a**2 + 2*a + 1. Give k(-2).
1
Let s(n) = 3*n + 5. Determine s(-4).
-7
Let r(s) = -s**2 + 11*s + 15. Calculate r(14).
-27
Let k(m) = -m + 10. What is k(10)?
0
Let f(r) = -r**3 + 5*r**2 - 6*r + 5. Calculate f(4).
-3
Let b(a) = a**3 - 28*a**2 - 2*a + 56. What is b(28)?
0
Let q(x) = -x**2 - 3. Give q(0).
-3
Let l(a) = -a**2 + 16*a - 7. Calculate l(16).
-7
Let y(t) = -2*t**3 + t**2 + 6. Calculate y(3).
-39
Let k(j) = -j + 11. Determine k(-9).
20
Let j(v) = -24*v**2 + 6*v - 2. Determine j(2).
-86
Let y(w) = w**2 - 10*w - 30. Determine y(11).
-19
Let n(x) = 2*x - 24. Determine n(9).
-6
Let u(p) = 5*p**3 + 2*p**2. Determine u(2).
48
Let m(n) = -2*n**2 + 11*n + 17. Determine m(7).
-4
Let v(h) = 3*h - 1. What is v(-4)?
-13
Let u(h) = h - 1. Determine u(9).
8
Let h(f) = -f**3 + 6*f**2 + 7*f - 9. What is h(7)?
-9
Let q(b) = 9*b + 7. What is q(6)?
61
Let u(s) = s**2 + 1. Give u(9).
82
Let h(b) = -2*b - 23. Calculate h(-8).
-7
Let f(t) = -2*t**2 + 4*t + 3. What is f(2)?
3
Let s(v) = v**2 + 2*v + 4. What is s(-4)?
12
Let r(u) = u**3 - 8*u**2 + 3*u - 5. Give r(5).
-65
Let j(g) = -g**3 + 12*g**2 + 25*g + 25. Determine j(14).
-17
Let a(y) = y**3 - 6*y**2 - 6*y - 7. What is a(7)?
0
Let v(k) = -k**2 - 3*k - 3. What is v(-5)?
-13
Let b(d) = -d**2 + 17*d + 42. Calculate b(18).
24
Let q(l) = -l**3 + 5*l + 3. Give q(-2).
1
Let x(h) = -3*h + 12. What is x(7)?
-9
Let w(z) = -3*z + 16. Determine w(7).
-5
Let y(v) = 2*v - 4. Calculate y(4).
4
Let m(x) = -4*x + 1. Determine m(3).
-11
Let b(k) = 2*k + 16. Calculate b(-8).
0
Let f(b) = b**2 - 11*b - 4. Give f(8).
-28
Let c(s) = s**3 - 2*s**2 + 19. Give c(0).
19
Let d(l) = -2*l**2 - 10*l - 33. Determine d(-3).
-21
Let x(n) = n**3 - 11*n**2 + 27*n - 4. Calculate x(7).
-11
Let l(t) = -14*t + 65. Calculate l(4).
9
Let u(s) = 2*s - 30. Determine u(7).
-16
Let x(j) = j**2 - 9*j + 5. Give x(10).
15
Let i(l) = l**3 - 19*l**2 + 17*l + 16. Determine i(18).
-2
Let o(b) = 5*b - 46. Determine o(-19).
-141
Let i(f) = -25*f - 10. What is i(3)?
-85
Let q(j) = j**2 + 6*j - 9. What is q(-9)?
18
Let w(x) = 2*x**2 + 34*x + 6. Give w(-13).
-98
Let v(f) = -3*f**3 + 3*f**2 - 2*f - 3. Determine v(3).
-63
Let x(j) = 8*j**2 - j - 1. Determine x(-1).
8
Let i(g) = 6*g + 3. What is i(4)?
27
Let y(k) = -k**2 - 6*k + 6. Determine y(-4).
14
Let k(t) = -5*t**3 + t - 2. Calculate k(1).
-6
Let o(l) = -4*l**2 + 3*l - 2. Determine o(1).
-3
Let v(b) = -3*b**2 + 25*b + 29. Calculate v(13).
-153
Let o(j) = -2*j**3 - 3*j**2 - 3*j - 3. Give o(-2).
7
Let x(k) = -3*k + 78. What is x(38)?
-36
Let k(p) = p**3 + 8*p**2 + 6*p - 4. Determine k(-7).
3
Let r(w) = 3*w**3 - w**2 - 6*w + 5. Give r(3).
59
Let m(p) = 14*p + 472. Determine m(-34).
-4
Let p(w) = -11*w**3 - 2*w**2 + w. Calculate p(1).
-12
Let i(p) = p**3 - 17*p**2 - 20*p + 27. Determine i(18).
-9
Let w(k) = k**3 - 15*k**2 - 25*k + 16. Determine w(17).
169
Let k(d) = 25*d - 244. Calculate k(9).
-19
Let v(d) = -2*d - 36. Determine v(-15).
-6
Let s(z) = -4*z**2 + 7*z + 4. Calculate s(3).
-11
Let m(k) = -k**3 - 4*k**2 + k + 4. Give m(-3).
-8
Let b(y) = -19*y**2 - y + 1. Calculate b(1).
-19
Let w(g) = 2*g**3 + 14*g**2 - 11*g + 38. Calculate w(-8).
-2
Let v(x) = -x**3 - 12*x**2 - 5. Calculate v(-12).
-5
Let a(z) = -6*z + 7. Calculate a(18).
-101
Let r(w) = 2*w - 5. Give r(7).
9
Let f(z) = 7*z - 106. What is f(21)?
41
Let y(g) = 2*g**3 - 13*g**2 - 8*g - 1. Calculate y(7).
-8
Let y(n) = n**3 - 8*n**2 + 3*n + 4. Give y(7).
-24
Let s(c) = -c**2 + 5*c + 1. What is s(3)?
7
Let s(p) = -p**2 - 6*p + 7. Give s(-7).
0
Let h(s) = s**3 + 24*s**2 + 26*s + 17. Give h(-23).
-52
Let y(h) = 12*h + 2. Calculate y(2).
26
Let y(c) = 2*c - 12. Give y(9).
6
Let z(l) = -l - 13. Determine z(10).
-23
Let f(p) = 6*p + 2. Give f(3).
20
Let s(w) = -8*w + 44. Give s(4).
12
Let g(w) = w**2 + 4*w - 1. Determine g(1).
4
Let i(j) = 2*j + 3. What is i(-7)?
-11
Let b(y) = 7*y + 60. Give b(-10).
-10
Let n(y) = 2*y - 2. What is n(-6)?
-14
Let u(n) = n**3 + 7*n**2 + 2*n + 1. Determine u(-7).
-13
Let a(p) = 7*p - 67. Determine a(9).
-4
Let s(d) = -d**3 + 4*d**2 + 4*d + 10. Give s(5).
5
Let g(j) = -17*j + 5. Calculate g(3).
-46
Let x(j) = 30*j**2 - 3*j + 3. Determine x(1).
30
Let l(t) = -t**3 + 14*t**2 + 18*t. What is l(15)?
45
Let t(m) = -m**3 - 5*m**2 - 2*m - 7. Give t(-4).
-15
Let h(b) = -2*b**3 - 5*b**2 + b + 9. What is h(-3)?
15
Let b(n) = -2*n**2 - 15*n - 21. Calculate b(-4).
7
Let x(h) = -3*h - 19. Calculate x(-8).
5
Let h(k) = -k**3 + 3*k**2 + 9*k - 25. Give h(3).
2
Let l(c) = -c**3 - c**2 + 6*c. Determine l(-5).
70
Let j(k) = -k**2 - 6*k + 28. Calculate j(-7).
21
Let g(z) = -z**3 + 5*z**2 - 5*z - 4. Calculate g(4).
-8
Let v(s) = 5*s**2 - 3*s + 2. Determine v(2).
16
Let o(s) = -s**2 + 61*s + 249. Determine o(-4).
-11
Let x(c) = 128*c - 634. Calculate x(5).
6
Let u(v) = v**3 - 7*v**2 - 9*v + 6. Give u(8).
-2
Let g(w) = -w**2 + 12*w + 6. Calculate g(11).
17
Let y(v) = 2*v + 13. Give y(-8).
-3
Let z(c) = -20*c + 524. Calculate z(26).
4
Let a(c) = 8*c**2 + c + 2. Determine a(-3).
71
Let u(a) = a**2 - 9*a - 30. What is u(11)?
-8
Let b(f) = f**2 + 4*f - 19. Calculate b(-8).
13
Let u(j) = 2*j**2 + 63*j - 7. Give u(-31).
-38
Let t(d) = -4*d - 1. Determine t(-2).
7
Let n(r) = -r - 5. Give n(-12).
7
Let t(s) = 7*s + 34. Give t(-7).
-15
Let u(r) = 4*r + 154. Give u(-29).
38
Let j(k) = 2*k - 5. Give j(-2).
-9
Let l(j) = -j**3 - 16*j**2 + 17*j + 52. What is l(-17)?
52
Let g(a) = -9*a - 152. What is g(-17)?
1
Let v(w) = -2*w + 39. Give v(-9).
57
Let v(n) = n**3 + 40*n**2 + 144*n + 6. Give v(-36).
6
Let i(r) = 14*r - 1. What is i(-1)?
-15
Let w(c) = -5*c + 14. Determine w(5).
-11
Let u(c) = -c**2 - 10*c + 1. Determine u(-11).
-10
Let l(s) = s**2 + 3*s - 31. Calculate l(-6).
-13
Let f(s) = 4*s - 59. Calculate f(16).
5
Let i(c) = c**2 - 3*c - 64. Determine i(-7).
6
Let i(z) = -z**3 + 6*z**2 + 2*z + 2. Calculate i(5).
37
Let j(n) = -n**2 + 3*n + 7. What is j(6)?
-11
Let q(b) = -2*b - 11. What is q(-5)?
-1
Let x(g) = 42*g**2 + 2*g + 2. Determine x(-1).
42
Let n(v) = -15*v + 1. Give n(7).
-104
Let x(k) = -12*k**2 + 5*k - 2. Calculate x(3).
-95
Let o(w) = w**3 - 5*w**2 - 6*w + 3. Calculate o(6).
3
Let i(g) = -